h be 5 - 5 - (-148)/4*-1. Let v = w - h. Is v a composite number?
False
Let f be (0 + -3)*10/20*-2. Suppose f*b = h + 22078, 5*b - 2*h = b + 29434. Is b a prime number?
False
Suppose 0 = -t + 4*b + 695401, 2946991 - 165405 = 4*t + 2*b. Is t a prime number?
False
Let d = -417 - -419. Is (d/4)/((-85095)/(-85090) - 1) prime?
False
Let r be 2/2 + -1 + (3 - 1). Suppose a + 3*y + 37 = 0, 3*a = -2*a + r*y - 185. Let m = a - -180. Is m a composite number?
True
Let d = 866028 - 432730. Is d composite?
True
Is ((-226216)/12)/(1 - (-4)/(-12))*-2 a composite number?
True
Suppose -44*o + 159542029 = 49*o - 32039924. Is o a prime number?
True
Suppose 0*v + 5*v = -16600. Let b be 5581 - (-5 + 10 + 5). Let u = b + v. Is u prime?
True
Let v(w) = 4*w**2 + 38*w + 7. Let o = 337 - 370. Is v(o) a composite number?
False
Let c(j) = -j**2 + 8*j - 12. Let w be c(5). Suppose -5*r = 4*o - w*r + 2, 3*o - r = 1. Suppose o*d = d - 767. Is d prime?
False
Let v = 12 + -11. Is v/((1/3653)/1) composite?
True
Suppose -7*g = 3*g - 158790. Suppose 5*j = 2*j + g. Is j a prime number?
False
Suppose -3459 = -r - 3*h, 0 = 4*r + h - 10780 - 3001. Let v = 605 + r. Is v composite?
False
Suppose 2*j - 1 - 5 = 0. Suppose 2 = j*o - 4. Suppose -n + 1557 = o*n. Is n a prime number?
False
Is ((-28)/(-12))/(-7) + (-831356)/(-6) composite?
False
Let s be ((-6)/(-4))/(-3)*-14. Let j be (0 + 8)/(-2) + s. Let i(f) = 3*f**3 - 5*f + 3. Is i(j) a composite number?
True
Suppose -128114 = -5*a - 3*g, -2*a = -7*g + 4*g - 51233. Is a a prime number?
True
Let t(v) = -3371*v**2 + 8*v + 8. Let i be t(-1). Let y = -1414 - i. Is y composite?
True
Let p be -134*(-1 - 2/(-4)). Let x = 105 - p. Is (-143)/(-2) + (-19)/x a composite number?
False
Let a = 73058 + 220883. Is a a prime number?
True
Let c(w) be the third derivative of 11*w**5/30 - 7*w**4/12 + 53*w**3/6 - 80*w**2 - 2. Is c(8) a composite number?
True
Suppose -x = -2*f - 17, -f + 4*x - 32 = f. Let a(d) = -143*d + 28. Is a(f) a prime number?
False
Suppose -a - 5 = -4*r - 36, 2*a - 35 = 5*r. Is ((-50736)/(-4) - 3)*(-3)/r a composite number?
True
Suppose -x + 4*w - 8011 = 0, 5*x + 11*w + 40112 = 12*w. Let y = x + 16640. Is y composite?
True
Let j = 3349 + 502. Suppose j = 2*a - 3*q, a - 2*a - 5*q + 1932 = 0. Is a prime?
False
Is 189124 + (-32)/112 + (-40)/7 composite?
True
Let q = -4432 - -8275. Suppose 0 = -4*r - 12, 3*z - 8*r + 6*r - q = 0. Is z a composite number?
False
Let p be (-6 + (-90)/(-16))*-8. Suppose p*b = -10*b + 53313. Is b composite?
True
Let k = 17102 + -10070. Let p = k + -4403. Is p prime?
False
Let j = -180 - -184. Suppose 4*h = -2*t + 2952, 3677 = -0*h + 5*h - j*t. Is h a composite number?
True
Let u = -56 - -24. Let r be ((-9)/2)/(4*6/u). Is 2*(-2 - (-2571)/r) a composite number?
False
Suppose 3*o + 5*x = 159468, -15252 + 121520 = 2*o - 4*x. Is o composite?
True
Let y = -2242 - -248285. Is y a prime number?
False
Suppose 32*h + 13520 = 24*h. Let i = 2611 + h. Is i a prime number?
False
Suppose -5*p + 16450 = 5*w - 4420, 8341 = 2*p - 5*w. Let d = 5966 - p. Is d a prime number?
False
Let y = -249029 + 1134090. Is y composite?
False
Suppose -s - 1451042 = -573968. Is s/(-165) - (-6)/20*-2 a prime number?
False
Let i(o) be the third derivative of -o**6/120 + o**5/15 + 7*o**4/24 - 11*o**3/6 - 75*o**2 - 2. Is i(-17) a composite number?
False
Let d be (-1 + 0 + -3)/2 - -519. Let u be (-6)/4*(-2018)/3. Suppose 0 = -5*x - 3*q + 7612, -x + 3*q = -u - d. Is x a prime number?
True
Let b be -18*1/(10/(-145)). Suppose -3*s + b = 4*d - 6966, 4*s = -5*d + 9637. Is s a composite number?
True
Suppose 2200 = -7*k + 8500. Suppose 2*n - 828 + 203 = -5*m, k = 3*n - 5*m. Is n composite?
True
Suppose -5*v + 4*q + 27120 = 0, -4*q = -17 - 3. Let k = -3143 + v. Is k composite?
True
Let d(b) = -2460*b**3 - 6*b**2 - 6*b - 1. Suppose -2*y = -5*o - 23, 2*o = 2*y - 12 + 4. Is d(y) prime?
True
Suppose f - 2*u - 5216 = 1233, -3*f + 5*u = -19345. Suppose 5*l - 24275 = -2*r, -5*r = 3*l - f - 8139. Is l prime?
False
Let c = 3378 - -4439. Is c composite?
False
Let g(u) = -2*u**3 + 10*u**2 - u + 4. Let r(c) = -c**2 - 5*c - 1. Let n be r(-3). Let m be g(n). Is (-501 - (2 - 1))*m prime?
False
Let i = -197 - -203. Suppose l = -i*l + 3451. Is l a prime number?
False
Suppose 2*l - 13 = 3*o, 3*o + 2*o = -5*l - 5. Suppose 29 = l*z + 19. Suppose z*t + 10*t - 14655 = 0. Is t a composite number?
False
Let l be (6/(-4))/((-7)/6986). Let b(s) = -s**2 - 23*s + 82. Let k be b(24). Let w = l + k. Is w a prime number?
False
Let i = -73 - -78. Suppose i*w = 43 + 3552. Is w a prime number?
True
Let h(g) = 4497*g**2 - 74*g + 76. Is h(1) a composite number?
True
Suppose -1831 = -2*h + 1567. Let v be (-31)/(-6) + (-15)/90. Suppose h = v*f - 1756. Is f a composite number?
False
Let s = -297 - -299. Suppose 6*o + 14578 = s*t + 2*o, -29135 = -4*t + o. Is t a prime number?
True
Let b(c) = 90*c + 248. Let w be b(6). Let v(n) = 21*n**3 + 5*n**2 + n - 5. Let i be v(4). Let t = i - w. Is t composite?
True
Let u(w) = 29 - 19 + 38 - 33*w. Let i be u(-21). Let p = 1712 - i. Is p a prime number?
True
Let f = 305 - 298. Suppose 341 + 254 = f*v. Is v a composite number?
True
Let i(b) = -4*b - 18. Let k be i(-7). Suppose k*v - 3359 = 5501. Is v a prime number?
False
Let c(p) = 923*p**3 + 6*p**2 - 110*p + 17. Is c(8) a prime number?
False
Let k be (2 - 1)/(17/34). Suppose 0*l = 9*l - 21258. Suppose k*t - 208 = l. Is t a composite number?
True
Let t(c) = 4*c**2 + 33*c + 14. Let n be t(-8). Is (8/(-8))/(-1*n/8142) a prime number?
False
Let v(a) = -a**3 - 5*a**2 + 7*a - 2. Let c be v(-6). Let q = -205 + 169. Is (c/(-6))/(q/(-17037)) prime?
True
Suppose -4*v = v - 25. Suppose v*l + 44913 = 8*l + 4*b, 5*b = l - 14971. Is l prime?
False
Let b(x) = 164*x + 14. Let z be b(6). Let a = 2036 - z. Let r = 2105 - a. Is r a composite number?
True
Let w be (-2 - -1 - 1)/(1/22). Is (-14077)/(-2) - w/88 a prime number?
True
Let u be 7 + -3 + 8 + 0/(-1). Is 37924/19*3/u composite?
False
Suppose g = 3, -5*t - 2217 = -4*g - 435. Let o = 1170 - 547. Let b = t + o. Is b composite?
False
Let b be (3/2)/(4/(-16)). Let h be 0*(b/(-10) - 121/110). Suppose -2*i + p + 639 = h, -4*p + 3*p + 629 = 2*i. Is i a composite number?
False
Suppose -25 + 27 = z. Let y(i) = -i**2 + 7*i - 4. Let v be y(z). Suppose -v*c + 4535 = -c. Is c a composite number?
False
Let v(f) = -15 - 7*f - 54 - 33*f. Is v(-10) a prime number?
True
Let u(a) = a**2 - 2*a - 5. Let l be u(4). Suppose 10*w - 15150 = -5*v + 5*w, l*w = 9. Is v composite?
True
Is (-6)/((-108)/1135425) - 5/30 a composite number?
False
Let v be 51/187 - 170/(-22). Suppose -v*k - 3*k = -18381. Is k composite?
True
Suppose -13*b - 263 + 55 = 0. Let t = b - -18. Suppose -4*s = 4*g - t*g - 4054, s - 5 = 0. Is g a prime number?
True
Is (474186/15)/(64/160) a composite number?
False
Let t be (-15)/(-10) - (-11)/(-2). Is (5 - (-1758)/(-30))*10/t a prime number?
False
Let p(a) = 2*a**2 + 8*a + 11. Suppose 0 = -4*f + 6*f - 5*b + 27, -5*f - 30 = -5*b. Let x be f*1/2 - 26/4. Is p(x) a prime number?
True
Is (-70)/120 + (-171)/(-76) + (-1402448)/(-6) composite?
False
Let c = 264 + -178. Suppose -c*x + 60641 = -79*x. Is x a composite number?
False
Let r = 37 + -33. Is (6/r)/((-105)/(-25060)) composite?
True
Let y be -6 - ((1 - -1) + (-3 - 1118)). Suppose 0 = -l - w + y, 0 = l - 5*w + 4*w - 1121. Is l a composite number?
False
Let a be 42/((-1)/(5/(-10))). Let l = 29 - a. Suppose 4291 = l*j + 1083. Is j composite?
False
Let q = -187 - -197. Suppose 5*b = -2*i + 304, -8 = -b - q. Is i prime?
True
Let q = 828 + -827. Let h be (-1)/(((-4)/186)/(-2)). Is 1/(q - h/(-94)) prime?
False
Let z(m) = -3 - m**3 + 7 + 0 + 5*m**2. Let r be z(5). Suppose -v = r*v - 65. Is v a composite number?
False
Let l be (-1 + 2)*1*8. Let r(i) = 19*i**2 + 10*i - 37. Is r(l) a prime number?
True
Let h be (3/5)/3 + (-3112)/(-40). Suppose -86*o + h*o = -1192. Is o prime?
True
Let h = -161 - -75. Let l = h - -417. Suppose -s - 3*g = -g - l, -5*s = -3*g - 1694. Is s a composite number?
False
Let f(q) = 558*q**2 + 7*q - 9. Let k(v) = -6*v**2 - 31*v - 3. Let a be k(-5). Is f(a) a composite number?
False
Let l = 142 + -138. Suppose 3*j + l*x - 3453 = 0, -4*x + 2698 = 2*j + 396. Is j a prime number?
True
Let f(g) = g**3 - g**2 - g - 1. Let c(